17
Let g(y) = -4*y**2 + 6*y - 13. Let k(b) = b**2 + 1. Let a(z) = -g(z) - 3*k(z). What are the prime factors of a(4)?
2
Suppose -4*w + 5*c = -321, 2*c + 4 = -5*w + 397. List the prime factors of w.
79
Let l(q) = -q**3 - q**2 + 2*q + 3. Let g be l(-2). Let z = -10 + 14. Suppose g*y + 5 = z*y. List the prime factors of y.
5
Suppose -3 = -2*x + a, x - 2*a = -3*a. Let c = -1 + x. Suppose c*j + 16 = 2*j. List the prime factors of j.
2
What are the prime factors of (-7)/((-14)/(-4)) + 141?
139
Suppose -2*f = -2*v - 10, 4*f + v - 49 = -14. What are the prime factors of f?
2
List the prime factors of 172/1 - (-10 + 5).
3, 59
Suppose -5*f + 18 + 7 = 0. Suppose 2*j - 6 = -4*n + 8, -f*n = -j - 21. Suppose 0 = 3*l + n*h - 18, 2*l - h = 3*h + 12. List the prime factors of l.
2, 3
Suppose 0 = -3*j - 0 - 9. Let c be (-20)/(-6) + (-2)/j. What are the prime factors of 13/c - 1/4?
3
Suppose 40*h = 46*h - 264. List the prime factors of h.
2, 11
Let r be ((-12)/10)/(2/(-5)). Suppose -p - 14 = -q, -2*q + 35 = -r*p + 2. List the prime factors of q.
3
Let j = 80 - 33. Let g(d) = -3*d - 2. Let q be g(-6). Suppose q = 3*v - j. List the prime factors of v.
3, 7
Let b be ((0 - -4)*42)/1. Suppose 3*k - b = -k. Suppose -3*i = -k + 3. List the prime factors of i.
13
Let i(n) = n**3 + 9*n**2 - n + 7. Suppose -4*q = -0*q + 36. What are the prime factors of i(q)?
2
Suppose z + 5 = 10. Suppose 2*s - 98 + 30 = 5*k, s - z*k = 29. What are the prime factors of s?
3, 13
List the prime factors of (83/(-2))/(7 + (-135)/18).
83
Let s = -16 - -21. Suppose -s*d + 29 = -126. What are the prime factors of d?
31
Let q(g) = 12*g**2 + 11*g + 6. What are the prime factors of q(-4)?
2, 7, 11
Suppose 5*b - 55 = -5*a, 0*b - 3*a + 1 = -b. Let c(s) = 2*s**2 - s - 1. Let l be c(-1). List the prime factors of (4 - l) + b/2.
2, 3
Let u(j) = 2*j - 3. Let k be u(2). Let f(p) = -p**3 - 10*p**2 - 9*p + 2. Let l be f(-9). What are the prime factors of ((-1)/l)/(k/(-24))?
2, 3
Let i(n) = n + 5*n**2 - 3*n - 3*n**2 - n. What are the prime factors of i(2)?
2
Let m be ((-1 + 1)*-1)/(-2). Suppose n - 4 + 2 = m. Suppose n*g + 44 = 6*g. List the prime factors of g.
11
Suppose 0*u + 548 = 4*u. List the prime factors of u.
137
Suppose -b - 4*b + 300 = 5*k, 0 = -3*b + 15. What are the prime factors of k?
5, 11
Suppose 529 = -12*k + 1933. List the prime factors of k.
3, 13
Let h(z) = 13*z**2 + z - 1. Let g be h(1). Suppose 0 = 2*s - 9 - g. List the prime factors of s.
11
Suppose -169 - 77 = -6*o. List the prime factors of o.
41
Suppose 3*v + 23 = w, 2*v = -w - v - 1. Suppose -19 = -x - 0. Let n = x - w. List the prime factors of n.
2
Let r(j) = -j + 18. What are the prime factors of r(12)?
2, 3
Suppose 0 = -8*k + 11*k - 375. What are the prime factors of k?
5
Suppose q + 1 - 4 = 0. Suppose 4*r - 6*t = -2*t + 12, 0 = 5*r + q*t - 55. What are the prime factors of r?
2
Let y(k) = -k**3 + 12*k**2 - 12*k + 13. What are the prime factors of y(10)?
3, 31
What are the prime factors of (-2)/4 + 123/2?
61
Suppose 0 = -5*v - 4*y - 296, -y - 4 = -0. Let g = v + 97. What are the prime factors of g?
41
Suppose 2*z + z = -2*b + 431, -5*b + 135 = z. What are the prime factors of z?
5, 29
Let j = -10 + 7. Let c(l) = -l**3 + l**2 - 3*l - 2. What are the prime factors of c(j)?
43
Let u = 22 + -19. What are the prime factors of u?
3
Suppose 0 = 5*s - 25 - 25. Let u = 31 + s. List the prime factors of u.
41
Let i(a) = a**3 + 8*a**2 + 7*a + 2. Let h be i(-7). Suppose -h*y = -5*b + 64, 3*b + 2*y - 25 - 7 = 0. What are the prime factors of b?
2, 3
Let q = 4 - 4. Let b = 2 - q. Suppose -b*s + 36 = 2*s. What are the prime factors of s?
3
Suppose 3*o - 36 = 63. What are the prime factors of o?
3, 11
Suppose 5*b - 320 = 330. List the prime factors of b.
2, 5, 13
Let y = -233 + 370. What are the prime factors of y?
137
Let x(n) = -30*n - 5. Let o be x(-4). Suppose 3*r + k = 7*r - o, -2*k = -r + 34. List the prime factors of r.
2, 7
Suppose 2*o = -2*o + 16. Suppose o*r = -4*i - 68, 4*i - 20 = -i. What are the prime factors of (2/6)/((-1)/r)?
7
Suppose 4*a + 5*r = 113, 7*a + 5*r - 145 = 2*a. Suppose 0 = -h - 5*w + a, 0 = -3*h + 3*w + 13 + 11. What are the prime factors of h?
2, 3
Let y(j) = -4*j - j**3 + 2*j**3 - j**2 - 1 + 6*j**2. Let b be y(-6). Let p = 22 + b. List the prime factors of p.
3
Suppose 126 = 6*i - 102. What are the prime factors of i?
2, 19
Let f(s) = 2*s**3 - 2*s**2 - s - 2. Let z be f(2). Let o(w) = 5*w + 3*w**2 + w - w + 6 - z. What are the prime factors of o(-3)?
2, 7
Let o = -36 + 55. Let c be 2/(2 - 0) - o. What are the prime factors of (2/1)/(c/(-27))?
3
Let d(g) = 2*g**2 + 5*g + 5. List the prime factors of d(-2).
3
Let j be (-1)/(4/(-15 - 1)). Suppose -b = -11 - j. List the prime factors of b.
3, 5
Let n be 0 - 4/(-2)*2. Suppose n*k = 5*r + 12, 5*k - 9 = 2*k + 2*r. Suppose -v - 2*v - 24 = -k*a, 4*a - 32 = 5*v. What are the prime factors of a?
2
Suppose 3*b = 2*b - 4*i + 73, -b - 2*i = -81. List the prime factors of b.
89
Suppose -4 = 3*f + 2*q, 0*f = 4*f + 4*q + 8. Suppose f = 2*i - 4*c - c - 40, -3*c = 12. List the prime factors of i.
2, 5
Let q = 403 - 55. List the prime factors of q.
2, 3, 29
Let n(o) = -o**2 + 5*o - 3. Let a(c) = c**3 + 6*c**2 - 8*c - 5. Let d be a(-7). Let m be n(d). Let h(k) = 2*k + 3. What are the prime factors of h(m)?
3
Suppose 2*p + j = 16, -4*j = -j - 12. List the prime factors of p.
2, 3
Let k(t) = t**2 - 7*t + 3. Suppose -4*l + 7 = -3*l. List the prime factors of k(l).
3
Let b = 9 + -5. List the prime factors of ((-2)/b)/(6/(-144)).
2, 3
Let c = 37 + -9. List the prime factors of c.
2, 7
Suppose n + 2*g = -8, 5*n + 3*g = 2*n - 30. Let t = -7 + 25. Let p = n + t. What are the prime factors of p?
2, 3
Let p(y) = y**2 - 4*y - 2. Let t(c) = -2*c - 3. Let l be t(-4). Suppose o + 5*a - a + 11 = 0, l*a = -o - 15. What are the prime factors of p(o)?
3
Suppose 4*v = -b + 6*b + 181, -4*v = 4*b - 172. What are the prime factors of v?
2, 11
List the prime factors of 1 + -1 + 76 + (3 - 2).
7, 11
Let d = 8 + -5. Suppose 4*h - 5 = d. Suppose m + 12 = -0*m - 4*q, -h*q = 4*m - 22. What are the prime factors of m?
2
Let r(n) = -n**3 + 6*n**2 - 3*n - 6. Let b be r(5). Suppose -b*t = -9*t + 75. List the prime factors of t.
3, 5
Suppose 3*f - 25 + 1 = 0. Let w = -5 + f. What are the prime factors of w?
3
Let v(d) = -d**2 + 4*d - 2. Let u(l) = -l + 3. Let z be u(7). Let x = z + 6. List the prime factors of v(x).
2
List the prime factors of 59 + -3*(-4)/(-3).
5, 11
Let d = -21 + 41. Suppose -d = -c - 3*c. What are the prime factors of 174/8 - c/(-20)?
2, 11
Let w(n) = 2*n**2 + n - 1. Let g be w(1). Let s = 2 + g. What are the prime factors of s?
2
Let h be 4 + 3 + (-2)/1. Suppose 68 = h*y + 3. List the prime factors of y.
13
Suppose a = -4, 2*n + 2*n - 8 = a. Suppose -5 = 2*r + 5*i - 1, r - n = -i. List the prime factors of r.
3
Let t be -3 - (-1 - 168/3). Suppose 4*p - t = p. What are the prime factors of p?
2, 3
Let b(s) = 6*s**2 + 3*s + 6. Let h be b(-4). Suppose 6*f = f + h. List the prime factors of f.
2, 3
Let a = 18 - 11. Let q(u) = u**2 - 6*u - 5. Let l be q(a). Suppose -1 = -h + l. List the prime factors of h.
3
Let x = -21 - -46. What are the prime factors of x?
5
Let d be -1*-14*(-3)/(-6). Let v = d + 8. What are the prime factors of v?
3, 5
Let z be (2 - (-2)/(-2)) + -4. Let c = z + 15. Suppose -3*i - c + 43 = 4*x, 0 = 3*i + 9. List the prime factors of x.
2, 5
Suppose -2*x + 29 + 11 = 0. List the prime factors of x.
2, 5
Suppose 2*t - 1112 = -2*t + 4*x, -5*t - 4*x = -1390. What are the prime factors of t?
2, 139
Suppose -2*m = -3*m - 9. List the prime factors of (-1 + 1)/(-2) - m.
3
List the prime factors of -4 + 10 - (1 + 0).
5
Let x = 1 - -1. Suppose -3*t + 4*p = -34, 48 = 3*t + 2*t + x*p. What are the prime factors of t?
2, 5
Let g(m) be the third derivative of 7*m**6/120 - m**5/30 + m**4/12 - m**3/6 - m**2. List the prime factors of g(1).
2, 3
Suppose -5*s = -4*v - 158, 90 + 26 = 4*s + 2*v. Suppose 24 = 3*q - 3*a - s, 0 = -3*a - 15. List the prime factors of q.
13
Suppose 8*z = -2*z + 500. List the prime factors of z.
2, 5
Let h(i) = i + 3. Suppose 2*q + 3*o - 18 = 0, 5*q = -0*o + o + 45. What are the prime factors of h(q)?
2, 3
Let j(z) = 2*z**2 - 8*z + 33. List the prime factors of j(7).
3, 